 the remainder when 5 is divided by f?
1
Let f = 59 + -36. What is the remainder when 32 is divided by f?
9
What is the remainder when 91 is divided by (-153)/(-5) - 22/(-55)?
29
Let q(o) = 3*o**2 - 2*o - 2. Let p = 0 - -2. Let r(n) = n**2 + 5*n + 5. What is the remainder when r(-6) is divided by q(p)?
5
Let g = 15 + -12. What is the remainder when 64 is divided by 0*(g - 4) + 13?
12
Let d(r) = 73*r + 1. Let b be d(1). What is the remainder when 23 is divided by b/6 + 3/(-9)?
11
Let t(u) = u + 12. What is the remainder when t(-8) is divided by 2?
0
Let l be 1/(187/62 - 3). Suppose -l = -d - 12. Calculate the remainder when d is divided by 13.
11
Suppose -5*n + 284 = -3*j, 0*n + 98 = 2*n + 4*j. What is the remainder when n is divided by 19?
17
Let h be (-2)/((-7)/((-266)/(-4))). Suppose -2 + h = u. What is the remainder when 66 is divided by u?
15
Let m(i) = 5*i + 81. What is the remainder when 20 is divided by m(-13)?
4
Suppose -f - 39 = -103. Calculate the remainder when f is divided by 13.
12
Suppose -l - 4*r - 4 = -3*l, -4*r = -4*l + 20. Suppose -2*z + 3*z - 42 = 0. Let y = z + -28. What is the remainder when y is divided by l?
6
Let w(u) = -u + 13. Let l be w(6). Suppose i - 2*g - 97 = 0, -l*g - 288 = -3*i - 2*g. Let x = i + -37. Calculate the remainder when x is divided by 14.
12
Let f = 11 - -10. Suppose 2*h = 3*h - 24. Let b = -13 + h. Calculate the remainder when f is divided by b.
10
Let y = 135 + -47. Suppose -y = -3*t + 17. What is the remainder when t is divided by 9?
8
Let b = 186 - 68. Calculate the remainder when b is divided by 30.
28
Suppose 2*k = k - 77. Let h = 40 + k. Let n = 73 + h. What is the remainder when n is divided by 19?
17
Let i = -79 + 101. What is the remainder when 84 is divided by i?
18
Let b(v) = v - 20. Let t be b(15). Let n(h) = 5 + 0*h**3 - 4*h**2 - 2*h - h**3 - 1. Calculate the remainder when n(t) is divided by 14.
11
Let d = 21 + 1. Suppose i - 6*i - d = -3*g, -4*g + 33 = -3*i. What is the remainder when g is divided by 5?
4
Let i(y) = 9*y**2 - 1 + 1 + y**3 + 2. Calculate the remainder when (4 + -3 + 0)*3 is divided by i(-9).
1
Suppose 4*s - 341 = -5*u, 2*u + 5*s = 61 + 72. Calculate the remainder when u is divided by 24.
21
Let l(m) = m**2 - 8*m. Let g be l(-7). Suppose y = -5*n + 111, -5*y = -5*n - 0*y + g. What is the remainder when 64 is divided by n?
20
Suppose 41 = -8*n + 769. What is the remainder when n is divided by 19?
15
What is the remainder when 109 is divided by 3/(6/4) - -26?
25
Let s(d) = 2*d**2 + 7*d + 5. Let b = -18 - -13. Suppose -53 - 13 = -6*l. Calculate the remainder when s(b) is divided by l.
9
Suppose -5*k + 2*v = -0*v - 82, 52 = 4*k - 5*v. Let q = 13 - 8. Suppose q*i + 27 = 197. What is the remainder when i is divided by k?
16
Let m(v) = v**3 - 4*v**2 - 4*v - 7. Let f be m(5). Suppose 3*k - k = 26. What is the remainder when 26 is divided by k - (-1)/(-2)*f?
12
Let g(a) = 2*a**3 + 2*a**2 - 3*a + 2. Suppose 2*x - 3*o - 25 = 0, 5*o = 2*x + 2*x - 49. What is the remainder when g(2) is divided by x?
9
Let c = -16 - -34. Suppose 19*w - 69 = c*w. Calculate the remainder when w is divided by 18.
15
Let l be 69/15 - (-6)/(-10). Suppose 3*r + 4*n = 36, 5*r - 60 = n - l*n. What is the remainder when 21 is divided by r?
9
Let r = 0 + 24. Suppose 0 = 4*f - x - r, -4 = 2*x - x. Calculate the remainder when f is divided by (9/12)/(1/4).
2
Let w = 213 - 136. What is the remainder when w is divided by 20?
17
Suppose -q = 4*d - 37, -q + 46 = d + 15. What is the remainder when q is divided by 10?
9
Suppose -11*k + 196 = -7*k. What is the remainder when k is divided by 17?
15
Suppose 3*v - 2*q = 175, -2*q = -2*v + 108 + 12. What is the remainder when v is divided by 29?
26
Suppose 12*j + 100 = 16*j. Calculate the remainder when 94 is divided by j.
19
Let p(f) = -f + 4. Calculate the remainder when p(-8) is divided by (-7)/(-28) - 38/(-8).
2
Let h(g) = 3*g**2 - 20*g + 7. Let i(z) = -2*z**2 + 10*z - 3. Let j(u) = 3*h(u) + 5*i(u). What is the remainder when j(-10) is divided by 2?
0
Let l = -8 + 26. Suppose 4*d = -42 + 246. Let g = d + -16. Calculate the remainder when g is divided by l.
17
Suppose 0 = k + 4*x - 2*x + 6, -2*k - 3*x = 8. Let f(d) = -2*d - 6. Let o be f(-5). Calculate the remainder when 23 is divided by 30/o + 1/k.
7
Let c be 1/(-3) + (-100)/(-3). Let y = c - 7. What is the remainder when y is divided by 14?
12
Let g = 13 + -8. Suppose -3*f + 68 = g*z, 2*z + 3*f - 20 = -0*z. Suppose 3*m - 4*b - 15 = 0, -m - 36 = -6*m + 3*b. What is the remainder when z is divided by m?
7
Let s = 49 - 24. Suppose -6 = -2*u - l, -5*u + s = 2*l + 3*l. Suppose 3*k - 4 = -1. What is the remainder when k is divided by u?
0
Let j(b) = 7*b - 13. Suppose 2*r + 3*m = 6, -4*r + 19 = -4*m - 13. Calculate the remainder when 115 is divided by j(r).
28
Calculate the remainder when 9/(-21) - 0 - 765/(-21) is divided by 19.
17
Suppose v = -2*n - 2*v - 3, 21 = 3*n - 4*v. Suppose -n*i + 1 - 4 = m, 0 = m - i - 13. What is the remainder when 35 is divided by m?
8
Suppose 5*v = -2*q - 18 - 3, -4*v - 21 = 3*q. Let g be (1 - (12 - -1)) + v. What is the remainder when (-276)/(-10) + (-6)/g is divided by 10?
8
Suppose -4*z - 3*f + 45 = 0, -3*f = 3*z + 21 - 51. Calculate the remainder when 42 is divided by z.
12
Suppose -4*u = -0*v + 4*v - 60, -4*u + 26 = 2*v. Let z be 2/3*6/4. Let g = z + 5. Calculate the remainder when v is divided by g.
5
Let f(j) = -j**3 + 16*j**2 - 16*j + 20. What is the remainder when 28 is divided by f(15)?
3
Let b = -71 - -97. Calculate the remainder when 74 is divided by b.
22
Let q = 5 - -7. What is the remainder when q is divided by 7?
5
Let d = 44 - 20. Calculate the remainder when d is divided by 9.
6
Let n = -7 + 7. Suppose 2 + n = a. Suppose -2*m = a - 36. What is the remainder when 33 is divided by m?
16
Suppose 0*h = 5*h - 30. Let u be 2*(-2 - 7/(-2)). Calculate the remainder when h is divided by ((-9)/(-6))/u*8.
2
Suppose q + 3*q - 4 = 2*a, -4*a - q = 26. Let d = 14 - 10. What is the remainder when 7 is divided by 3/2 - a/d?
1
Suppose -5*o = -0 - 50. Let h(s) = 11*s**2 + 5*s + 5. What is the remainder when h(-2) is divided by o?
9
Let n(r) = r**3 - 7*r**2 + r + 7. What is the remainder when (-231)/(-9) + (-8)/12 is divided by n(7)?
11
Suppose 119 = -7*z + 686. Calculate the remainder when z is divided by 14.
11
Suppose -6*w - 2*b + 42 = -2*w, 0 = -2*b + 2. What is the remainder when 19 is divided by w?
9
Let y(w) = 16*w + 1. Let d(b) = b + 8. Let v be d(-6). Suppose -x + v*x - 9 = 0. What is the remainder when y(1) is divided by x?
8
Let i(a) = a**3 - 8*a**2 + a - 3. Let p(h) = h**3 - 7*h**2 + 2*h - 1. What is the remainder when p(7) is divided by i(8)?
3
Let a be 4/(-8)*2*-25. Suppose -25 = b - 3*b - 3*n, 0 = -5*n - a. What is the remainder when b is divided by 11?
9
Let i = 95 + -47. Calculate the remainder when 285 is divided by i.
45
Let d = 34 + -15. Suppose 7*t - 16 = 12. Suppose t*o - 9 = d. What is the remainder when 12 is divided by o?
5
Let z = 2 + 85. Calculate the remainder when z is divided by 32.
23
Let i(k) = -k**3 - 23*k**2 + 30. Calculate the remainder when 89 is divided by i(-23).
29
Calculate the remainder when 164 is divided by (66/(-10))/((-19)/95).
32
Suppose -4*w + w = 12. What is the remainder when w - -86 - 4/(-2) is divided by 29?
26
Let d(b) = -b**3 - 3*b**2 - 6*b - 2. Let i be d(-4). Let q = -11 + 28. Suppose -i - q = -5*a. Calculate the remainder when 21 is divided by a.
10
Suppose 2*q = -0*q + 40. Let d = 253 + -174. What is the remainder when d is divided by q?
19
Suppose -4*b = -2*t - 52, -5*b = t - 5*t - 59. What is the remainder when b is divided by 8?
7
Calculate the remainder when (135/70 + 3/(-7))*46 is divided by 24.
21
Let u = 48 - 38. What is the remainder when 87 is divided by u?
7
Calculate the remainder when (-2 - -3)/((-3)/(-33)) is divided by 4.
3
Suppose 5*n + 0*n = 180. What is the remainder when 178 is divided by n?
34
Suppose 0 = -0*f + f - 4*j - 4, -4*f - 5*j + 79 = 0. What is the remainder when 46 is divided by f?
14
Let f(d) = 2*d**2 - d - 1. Suppose 5*m - 8 = 3*m. Let b = 1 + m. What is the remainder when f(-2) is divided by b?
4
Suppose 2*d = -0*d. Suppose d*v = 4*v. What is the remainder when 0 + (-2 - -10) + v is divided by 5?
3
Suppos